9. Let r be g(5). What is the greatest common divisor of r and 171?
9
Let f(o) = o**3 + 9*o**2 - 3*o. Let w be f(-7). What is the highest common factor of w and 17?
17
Let h = 136 - 128. What is the highest common factor of h and 4?
4
Suppose 70 = -2*c - 48. Let g = 37 - c. Calculate the highest common factor of g and 12.
12
Let c = 47 - 44. Calculate the highest common divisor of 15 and c.
3
Suppose -11*l + 9 = -10*l. What is the highest common factor of l and 153?
9
Let a(k) = 6*k. Let t = 8 + -1. Let q be a(t). Let r be (-1 + -2)*(-28)/6. Calculate the greatest common factor of q and r.
14
Let w be 1/1 + (-6)/2. Let p be (-2)/w*(5 - -7). What is the highest common divisor of p and 6?
6
Let u(j) = 27*j**3 + j - 1. Let m be u(1). What is the highest common divisor of 63 and m?
9
Suppose -3*v + l + 102 = 0, 2*v + 5*l - 41 - 27 = 0. Let z = v - 20. Calculate the greatest common divisor of 2 and z.
2
Let j = 10 - 6. Suppose 0 = -3*p + 16 - j. What is the greatest common factor of 32 and p?
4
Suppose 4*r - 36 = -4*y + 20, -r - 4 = -y. What is the highest common factor of y and 3?
3
Let c(a) = a**2 + 5*a + 4. Let z be c(5). Let o(u) = 2*u**3 - u**2. Let d be o(1). Let j be (d - 2)*-3 + 3. Calculate the greatest common divisor of z and j.
6
Suppose -2*i - 3 = i. Let q be (9/(-6))/(i/2). Suppose -q*n + 10 = -2. What is the greatest common divisor of n and 20?
4
Let x = -50 - -178. Suppose 136 + x = 2*u. Calculate the highest common divisor of 12 and u.
12
Suppose -180 + 264 = 2*u. Calculate the greatest common factor of 14 and u.
14
Let k(i) be the second derivative of i**5/20 - 7*i**4/12 - i**3 - 4*i**2 + 3*i. Let a be k(8). Calculate the greatest common divisor of 88 and a.
8
Let t = 4 - -6. Suppose v = -0*v + 18. Let s be 4960/45 + (-4)/v. Calculate the highest common factor of s and t.
10
Let m(k) = k**3 - 3*k**2 - 5*k - 1. Let o be m(5). Let b be 78/o + 1/(-4). Let x be (-5)/(5/b) - -7. Calculate the highest common divisor of 16 and x.
4
Let t be 2 + 1 + ((-11)/(-1) - -3). Let j(l) = -59*l + 1. Let q be j(-2). What is the highest common divisor of t and q?
17
Let n be ((-9)/(-12))/((-1)/(-4)). Suppose -n*z - 4*j + 60 = 0, -2*z + 4*z = j + 29. Calculate the greatest common divisor of z and 4.
4
Let h(a) = 3*a. Let m be h(4). Suppose 24 = z - m. Let j(b) = b + 24. Let i be j(0). What is the highest common divisor of z and i?
12
Let j(d) = -d**2 + 6*d + d + 0*d**2. Let l be j(5). Let o(f) = f**2 - 7*f - 3. Let z be o(l). What is the greatest common factor of z and 9?
9
Let v be 10*(-2)/4 + -3. Let p be (v/3)/((-4)/6). Calculate the highest common divisor of p and 6.
2
Let w(b) = -2*b**3 - 2*b**2 - 2*b - 1. Let n be w(-2). Suppose 0 = -5*s + 609 - 114. What is the highest common factor of n and s?
11
Let n be 136/6 - 1/(-3). Let c(d) = -d**3 - 9*d**2 + 7*d - 7. Let v = 0 + -10. Let x be c(v). Calculate the greatest common divisor of n and x.
23
Let j(i) = i**3 - i**2 - 2. Let h be j(3). Let l be (-6)/4*8/(-6). What is the highest common factor of l and h?
2
Let g be (-12 + 1)/(10/20). Let i = -6 - g. Calculate the greatest common factor of i and 8.
8
Suppose -n + 0*d = 4*d - 13, 4*n + 2*d = -4. Let y be n/(-7) - (-160)/35. Calculate the greatest common divisor of y and 15.
5
Suppose 2 = u - 2. Calculate the highest common divisor of u and 4.
4
Let n(k) = -4*k + 2. Let c be n(-4). What is the greatest common factor of c and 2?
2
Let n be 3/(((-16)/20 - -3) + -2). What is the greatest common divisor of n and 5?
5
Suppose v = 1 + 15. Let a = -13 + v. What is the greatest common divisor of a and 3?
3
Let c = 189 + -56. Calculate the highest common divisor of 38 and c.
19
Suppose -2*r - 7 = -3*d + 3*r, 16 = 3*d + 4*r. Suppose s - 2 = -3*j + 2, 0 = -4*s - d*j + 32. Calculate the highest common factor of s and 80.
10
Let i be 4*9*(-3)/(-4). Suppose 5*w = s + i, s - 11 = -2*w - 3. Let c be w/(-20) + (-50)/(-8). What is the highest common factor of 6 and c?
6
Suppose -11*y + 198 = -0*y. Calculate the greatest common divisor of y and 81.
9
Let c(x) = x - 2. Let p = -5 + 18. Let s be c(p). Calculate the highest common factor of s and 88.
11
Suppose 0 = -88*c + 94*c - 138. What is the greatest common divisor of c and 1?
1
Let j(b) = 2*b**2 + 5*b + 5. Let k be j(-3). What is the highest common factor of 56 and k?
8
Let o = -6 - -9. Suppose 5 = 2*a + o. What is the highest common divisor of 1 and a?
1
Let z be 1 + 4 + (0 - -5). What is the highest common factor of 20 and z?
10
Suppose n = -n. Suppose 0*z - 2*z - 4*a - 84 = n, -3*z - a = 101. Let w = -19 - z. Calculate the greatest common divisor of 130 and w.
13
Let l(j) = -24*j - 6. Let r be l(-3). Suppose r = -2*t + 5*t. Calculate the greatest common factor of 44 and t.
22
Let n(i) = 14*i - 4 - 6*i + 3 - 2. Let l be n(2). Suppose 69 = 2*x - 35. Calculate the highest common factor of l and x.
13
Suppose -3*s + 3 = -2*s. Suppose -4*c + 140 = -4*r - 72, 5*c - 265 = -s*r. Suppose 3 - c = -5*f. What is the greatest common factor of f and 20?
10
Let s be (-6)/3 + 2 + 48. Let a(q) = 13*q**3 - 2*q**2 + q. Let w be a(1). Suppose -4*r = -2*r - w. What is the greatest common divisor of r and s?
6
Let c(z) = 3*z**2 - 7*z - 5. Let j be c(-5). Let t = j - 65. Calculate the greatest common factor of t and 8.
8
Let f be (-219)/(-4) - 3/4. Suppose 5*d = 7*d - 72. What is the highest common factor of d and f?
18
Let q be (-3)/12 + (-138)/(-8). Let k be 102/(6 + 3 + -7). What is the greatest common divisor of q and k?
17
Let q(m) = 3*m - 4. Let p be q(3). Let o be (-2 - -1 - 1) + 6. Suppose 2*h - d + 29 = 5*h, o*h = p*d + 64. What is the greatest common divisor of h and 121?
11
Let z(w) = -22*w**3 - w - 1. Let l be z(-1). Suppose -3*n + n + 66 = 0. Calculate the greatest common factor of l and n.
11
Let s = 59 - 157. Let a = -33 - s. Suppose 3*y - 39 = -0*y. Calculate the greatest common factor of a and y.
13
Let i = 10 - 0. Suppose -165 = -2*d - 5*y, -d + 3*y + 237 = 2*d. What is the greatest common divisor of d and i?
10
Let d = -2 - -5. Suppose 3*n = -x + 129, 2*x - 57 = -n - d*x. What is the greatest common divisor of 14 and n?
14
Let x(f) = f**2 + 7*f + 9. Suppose -2*g - 12 = -0*g. Let q be x(g). Suppose 5*p = 2*m - 26, 5*m - q*p - 1 = 45. What is the highest common divisor of m and 12?
4
Let w(m) = m**2 - 11*m + 2. Let c be w(12). Calculate the greatest common divisor of c and 21.
7
Suppose 2*p = 5*c - 1102, 3*c + 0*p - 2*p - 662 = 0. What is the highest common divisor of 88 and c?
44
Let t = 14 - 2. What is the highest common divisor of t and 84?
12
Suppose 5*w + 77 = 2*f, 0 = -2*w + 2 - 12. What is the highest common divisor of f and 26?
26
Let o = 72 - 69. Suppose -5*z = -515 + 50. Suppose -3*g + y = -78, 4*g + 0*g - 5*y = z. Calculate the highest common factor of o and g.
3
Let r(o) = -29*o**3 + 2*o**2 - 1. Let k be r(1). Let t = -20 - k. Let l be 2/(-9) - (-1086)/27. Calculate the highest common divisor of t and l.
8
Let o = -3 - -6. Suppose 0*f + 5*h = -4*f - 1, -f = o*h + 2. Calculate the highest common factor of 3 and f.
1
Let d be (-2 - (-35)/20) + (-705)/(-4). What is the highest common factor of d and 22?
22
Suppose 0*s = 5*s + 220. Let f be 3 + -1 - s - -2. What is the greatest common factor of f and 12?
12
Let a be (42/(-7))/((-4)/50). Calculate the greatest common factor of a and 15.
15
Let h be (18/(-4))/((-1)/4). Suppose -5*g + 16 = 2*v, -g + 3*v = 2*g - h. Suppose -3*i = 2*i - 50. Calculate the greatest common divisor of i and g.
2
Let x = -5 - -5. Suppose 4*c - 139 - 261 = x. Suppose 53 + 47 = 5*u + 4*k, 5*u = 4*k + c. What is the highest common divisor of u and 50?
10
Suppose 536*a = 534*a + 6. Suppose 2*u - 64 = -10. What is the greatest common divisor of a and u?
3
Let i(c) = -5 + 0 + 4*c - 3 + 2. Let v be i(5). What is the highest common factor of v and 2?
2
Suppose 17 - 12 = 5*a. Calculate the highest common divisor of a and 2.
1
Let m = 103 + -102. Let i be 14/3*(-3)/(-2). Calculate the greatest common divisor of i and m.
1
Let v(z) = z. Let m be v(-6). Let q(p) = -3*p - 5. Let f be q(m). Calculate the highest common factor of 13 and f.
13
Suppose 3*d - 15 = 2*n + 18, 4*n - 11 = -d. Suppose 0 = -d*p + 13*p - 20. Calculate the greatest common divisor of 10 and p.
10
Let y be (-2 - (-10)/4)*8. Wh